 the greatest common divisor of 35 and n.
7
Let z be (-52)/(-5)*2*5. Suppose -3*v - a = -39, -2*v + 4*a - 13 = -3*v. What is the greatest common factor of z and v?
13
Suppose -1 - 4 = 5*k, 13 = 5*j - 3*k. Calculate the greatest common factor of 1 and j.
1
Let x = 214 + -94. Let o be (-4)/(-8)*(8 - 2). Suppose t + o*t = x. What is the highest common factor of 6 and t?
6
Suppose d + 14 = 2*d. Let j = d - -107. What is the greatest common factor of j and 11?
11
Let u be 5 + (1 - 4) + 10. Let h be (-100)/2*u/(-30). Calculate the highest common divisor of h and 8.
4
Suppose -10*b = -4*b - 1320. Calculate the greatest common divisor of b and 20.
20
Let l(a) = -27*a. Let w be l(5). Suppose -3*i - 5*q = -877, -5*q - 349 = -2*i + 219. Let y = i + w. Calculate the greatest common divisor of 14 and y.
14
Suppose -v + 126 = -0*v. Calculate the highest common divisor of v and 14.
14
Let a be (-6)/(-9)*(20 - -1). What is the greatest common divisor of a and 21?
7
Let j be 361/2 - 8/(-80)*-5. What is the highest common factor of j and 60?
60
Let f = -19 - -27. Let u = 13 - 8. Suppose 31 = u*l - 49. Calculate the greatest common factor of f and l.
8
Suppose 6 + 4 = -5*x, 0 = q + 5*x - 15. What is the highest common divisor of q and 225?
25
Suppose -f = 2*b, 2 = 2*b - 4*f - 18. Suppose -4*t - b*q - 2 = 8, -q = 5. Suppose -3*d = -t*d - 231. Calculate the greatest common divisor of 11 and d.
11
Let w(c) = -6*c**2 - 14*c + 3. Let o(h) = -3*h**2 - 7*h + 2. Let v(q) = 7*o(q) - 4*w(q). Let s be v(6). Calculate the highest common divisor of s and 19.
19
Let a(k) = k**2 - k + 12. Let n be a(4). What is the highest common divisor of n and 120?
24
Let g(o) = -o**2 - 5*o + 11. Let d be g(-11). Let r be 1*(0 + 2) + 95. Let w = d + r. Calculate the highest common factor of 14 and w.
14
Let d = -2 - -7. Suppose 5*y - 55 = -d. Calculate the highest common divisor of 4 and y.
2
Suppose 9 = 3*q + 3*h, 5*q - 21 = -2*h - 0. Let z = 9 - q. Let l be (-190)/(-8) + z/16. What is the highest common divisor of 8 and l?
8
Suppose -18 = -j + 10. Calculate the greatest common factor of 7 and j.
7
Let a = 13 - 13. Suppose a = -2*j + 7 + 21. Calculate the greatest common factor of 2 and j.
2
Suppose -2*o - 3*j = -52, 4*o + 2*j = o + 78. What is the highest common factor of 26 and o?
26
Let z = 14 + 4. Suppose -3*s + s = -2*o + 14, -s - z = -2*o. Calculate the greatest common factor of o and 88.
11
Let h be (-18)/(-2)*(2 - 1). What is the greatest common divisor of 9 and h?
9
Let u = 112 - 65. Suppose 4*x - u = -0*i - 5*i, 3*x - 5*i - 44 = 0. Let h be (10*1 - -1)*13. What is the greatest common divisor of h and x?
13
Let a be 4/6 + (-246)/(-9). Let y = -24 - -136. Calculate the highest common divisor of y and a.
28
Suppose 0 = k + 9 + 1. Let r = k - 24. Let w = r + 132. Calculate the highest common factor of 14 and w.
14
Let d(v) = -2*v**3 + v - 3. Let t be d(-4). Let l be (4 - 1) + -5 - -37. Let i = l + -24. What is the highest common factor of i and t?
11
Suppose 0 = -2*d + 2, -3*u = -0*d + d - 34. Suppose -f + 2*m + 1 = 0, -f + m - 2 = -3*f. What is the highest common factor of u and f?
1
Let q = 16 - 10. Suppose q*m = 4*m + 30. Suppose -2*t + 5 + 25 = 0. What is the greatest common divisor of m and t?
15
Let s = 108 + -4. Suppose 0*p + 5*p - 130 = 0. Calculate the highest common factor of p and s.
26
Suppose -v + 3*g - 17 = g, 4*v = -g - 23. Let h = v - -12. Suppose -4*j = -h*q - 9*j + 45, -2*j + 39 = 5*q. Calculate the greatest common factor of 35 and q.
7
Suppose -2*l = -46 - 14. Suppose -2*f = -4*f + 382. Let w = -116 + f. Calculate the highest common factor of l and w.
15
Let f be -1*3/1 - -8. Let k(d) = d**3 - 7*d**2 + 5*d - 10. Let i be k(7). Calculate the greatest common factor of i and f.
5
Suppose 0 = 3*n - 28 - 32. Let w be 50 - 0/((0 - -2)/1). What is the highest common divisor of n and w?
10
Let k be (2*-16)/(((-8)/11)/4). What is the highest common divisor of 16 and k?
16
Let y(p) = 3*p**2 - 4*p - 4. Let c be y(4). Suppose 44 = 5*r - 6. Let h be r/(-55) - (-464)/11. Calculate the greatest common divisor of c and h.
14
Let y = 48 - 24. Calculate the highest common divisor of y and 16.
8
Suppose -55 = -4*t + 21. Suppose 4*r = 2*c + 10, -3*r + 5*c + 1 = -5*r. Suppose 0*j + 304 = r*j. What is the greatest common factor of t and j?
19
Let c be 1 - 4/((-8)/78). Let i(g) = 15*g**2 + g + 2. Let v be i(-2). Calculate the highest common divisor of v and c.
20
Suppose 902 - 132 = 5*m. Let k(t) = t**2 + 4*t + 2. Suppose -3*i - 9 = i + 5*w, 5*w - 15 = 0. Let a be k(i). What is the greatest common factor of a and m?
14
Let c(x) be the first derivative of -x**4/4 + 3*x**2/2 - 3*x + 2. Let t be c(-3). What is the highest common factor of 105 and t?
15
Let o be ((-11)/(-2))/((6/(-60))/(-1)). Calculate the greatest common factor of 11 and o.
11
Suppose -2*o + 26 = -2*f - 40, 4*o - 153 = -3*f. Let a be ((-2)/(-3))/((-3)/(-81)). Suppose -2*w + 3*w = a. Calculate the highest common divisor of o and w.
18
Let x = 108 + -60. Suppose t - x = -3*t. What is the greatest common factor of t and 18?
6
Let b(a) = 2*a + 1. Let h be b(-1). Let p be (-42)/(-1)*h/(-2). Calculate the greatest common divisor of 21 and p.
21
Let x(s) be the first derivative of s**2/2 + 14*s - 2. Let g be x(-9). Suppose -4*j = -g - 43. What is the highest common divisor of j and 18?
6
Let r(m) = 5*m**3 + 2*m**2 - 1. Let v(t) = -t**2 + 8*t - 6. Let w be v(7). Let j be r(w). What is the greatest common factor of j and 6?
6
Let f = 51 - -48. What is the highest common divisor of f and 22?
11
Let l(t) = 6*t**3 + 3*t - 2. Let u be l(1). Let a(i) = i - 1. Let g be a(2). What is the greatest common divisor of u and g?
1
Let q be (1 - -1) + 78 + 0. Let v be (-6)/(-21) - ((-816)/(-21))/(-4). Calculate the highest common divisor of q and v.
10
Suppose 4*b - 1 + 9 = 4*c, -2*c = -3*b - 5. Let u = 36 - c. Let l be (-1)/(-5) + (-136)/(-20). What is the highest common divisor of l and u?
7
Suppose 4*j = 2*j + 5*x + 5, 4*x = 5*j - 21. Let q(m) = m**3 - 4*m**2 + 3*m. Let n be q(j). Let o = 9 + 7. What is the greatest common divisor of o and n?
8
Let l = 67 - 47. Calculate the highest common divisor of l and 10.
10
Let u = -8 + 18. What is the highest common factor of 25 and u?
5
Let t be 2/9 + (-195)/27. Let r be (-26)/t + 6/21. Suppose c - 10 = -r*c. Calculate the highest common factor of 4 and c.
2
Let o be ((-50)/2)/((-4)/8). Calculate the highest common divisor of 20 and o.
10
Suppose -5*h + 210 = -4*c, 2*c + 2*c = 0. What is the highest common divisor of 21 and h?
21
Let h(v) = -v**2 + 7*v - 5. Let i(l) = -l**3 - 3*l**2 - l + 2. Let u be i(-3). Let a be h(u). Calculate the highest common divisor of a and 2.
1
Suppose -10*y + 196 = -8*y. Calculate the highest common factor of y and 49.
49
Suppose 2*q + 14 = -14. Let a be q/6*(-12)/2. What is the highest common factor of a and 70?
14
Suppose -2*p + p + 4*a + 47 = 0, -248 = -4*p - 4*a. Suppose -p = -i + 41. What is the highest common divisor of 20 and i?
20
Suppose -2*l - l = 0. Let b = 3 + -1. Suppose -b*h - 3*n - 2*n = -17, l = 5*h + 5*n - 35. What is the highest common factor of h and 24?
6
Suppose 5 = 2*r + 3*v, -3*v + 10 = -v. Let q(b) = 2*b**2 + 4*b. Let f be q(r). Calculate the highest common divisor of f and 75.
15
Suppose 5*r = 3*r + 8. Suppose r*p + 4*i = 176, -2*p - 3*p + 220 = -5*i. Calculate the highest common factor of p and 11.
11
Let a(c) = -4*c**2 + 4*c + 10. Let x be a(5). Let b = -42 - x. What is the greatest common divisor of 280 and b?
28
Let w = -13 - -18. Suppose -4*m - 3*x = -m, 0 = w*m - 5*x + 40. Let v = 2 - m. Calculate the greatest common factor of v and 3.
3
Let o = 3 - -1. Let y be ((o*8)/2)/1. What is the highest common factor of 176 and y?
16
Suppose 0 = 3*c + 2*c - 195. Let k be 32/(1 + -1 - -1). Let m = -6 + k. What is the greatest common divisor of m and c?
13
Suppose -c - 11 = -4*v - 2, -4*c + 5*v = 3. Suppose 3*f + 5*w - 29 = 0, 2*w + w + 3 = 5*f. What is the highest common divisor of f and c?
3
Let x = -383 + 626. What is the greatest common divisor of x and 27?
27
Let c(i) = 44*i**2 + i + 2. Let r be c(-2). Suppose -17*h + 13*h = -r. What is the highest common factor of h and 11?
11
Let z be 4/10 + 1/(-5)*-373. Calculate the greatest common factor o